t are the prime factors of u?
67
Suppose 4*l - 46 = 598. List the prime factors of l.
7, 23
Suppose -r = 5*o - 865, 2*r - 686 = -12*o + 8*o. List the prime factors of o.
2, 3, 29
Suppose -2*f = -3*f + 37. List the prime factors of f.
37
Suppose 0 = 5*z, 5*h - 323 = -3*z - 23. What are the prime factors of h?
2, 3, 5
Let d be ((-11)/22)/((-1)/(-6)). Let l = d - -15. List the prime factors of l.
2, 3
Let y(p) = 3*p**2 + 5*p - 2. Let v(k) = 4*k**2 + 5*k - 1. Let o = -4 + -1. Let a(r) = o*y(r) + 4*v(r). List the prime factors of a(5).
2, 3
Let m = 23 + -15. Let s be 6/(-21) + (-23)/(-7). Let q = m + s. List the prime factors of q.
11
Let o(h) be the second derivative of h**3/6 + 2*h. What are the prime factors of o(2)?
2
Let p = -63 - -82. List the prime factors of p.
19
Let m(r) = -2*r + 1. Let j(a) = -3*a + 2. Let h(u) = -5*j(u) + 6*m(u). Suppose -d - 2 = -8. What are the prime factors of h(d)?
2, 7
Let a(j) = j**2 - 7*j - 27. List the prime factors of a(-9).
3, 13
Let b(z) = z + 2. Let s be b(2). Suppose s*o = -4*w + 3*w + 88, 44 = 2*o + w. List the prime factors of (-3)/((-3)/o*2).
11
Let d(j) = 2*j**2 + 24*j - 11. What are the prime factors of d(-15)?
79
Let j(t) = -t + 1. Let z be j(7). Let q be (2/2)/((-3)/z). Suppose -5*d - 2 = q*h, 5*h + 0*d - 33 = -3*d. List the prime factors of h.
3
Suppose -3*n + 3*h = 2*h + 5, -5*h + 25 = -5*n. Suppose 0*t - 2*t + 4*r + 26 = n, r = -3*t + 18. What are the prime factors of t?
7
Let k(d) = 0*d**3 - 7 - 7*d**2 - 8*d + d**2 - d**3. Let h = 5 - 10. List the prime factors of k(h).
2
Let l = 6 + -16. List the prime factors of ((-105)/l)/((-6)/(-16)).
2, 7
What are the prime factors of (-2)/(-13) - 6741/(-39)?
173
Suppose 5*d - d - 144 = 0. List the prime factors of d.
2, 3
Let j = -16 + 12. List the prime factors of 250/90 - j/18.
3
Let g = -48 - -25. Let m = -15 - g. What are the prime factors of m?
2
Let m(z) = -z + 3*z**2 - z + z + 6 - 3. List the prime factors of m(-3).
3, 11
Let d(k) be the third derivative of -k**7/1680 + k**6/360 + k**5/20 - 2*k**2. Let m(x) be the third derivative of d(x). List the prime factors of m(-4).
2, 7
Let h(o) be the first derivative of o**2 - o + 2. List the prime factors of h(5).
3
Suppose 0*u - 12 = -2*u. Suppose -18 = -2*i - u. What are the prime factors of i?
2, 3
Suppose 9 = 4*g - 23. Suppose -2*h + g = 2*h. Suppose -a - 2*n + h = 0, a - 4*n - 12 = -a. List the prime factors of a.
2
Let t(z) = 3*z**2 + 8*z + 5. List the prime factors of t(-6).
5, 13
List the prime factors of ((-19)/(-2) + 1)*(-4)/(-3).
2, 7
Suppose -4*m + 3*o + 7 = 0, 0 = m - 2*m + 5*o - 11. Suppose m*v = -5*r + 2*v + 1, r + 9 = -5*v. What are the prime factors of r/(-5) + (-11)/(-5)?
2
Suppose -c + 40 = -4. List the prime factors of c.
2, 11
Let n(t) = t**2 + 1. Let r be n(-2). Let l(b) = -b**2 + 7*b - 7. Let u be l(r). Suppose -10 - 2 = -u*f. List the prime factors of f.
2
Suppose 8 = -s + 2*q - 0, 5*q = s + 23. Suppose -s*d = 3*d - 225. Suppose -2 = -v - 4*w + 27, -3*v = -2*w - d. What are the prime factors of v?
17
Suppose -4*r - r - 2*o = 120, -2*r + 4*o - 24 = 0. What are the prime factors of (r/(-3))/((-4)/(-6))?
11
Let w be (-6)/(-5)*(-10)/3. Let n be ((-22)/w)/(5/(-10)). Let a = 15 + n. What are the prime factors of a?
2
Let i(h) = -h - 19. Let o(n) = n + 19. Let z(b) = -3*i(b) - 2*o(b). What are the prime factors of z(-12)?
7
Let c(f) = f**3 + 9*f**2 - 11*f - 8. Let u be c(-10). Suppose -3*s - 4*w + 32 = 0, -26 = -2*s - u*w - 6. What are the prime factors of s?
2
Suppose -3*f - 52 = -5*f. What are the prime factors of f?
2, 13
Let b(o) = -o - 1. Let f be b(-7). Suppose -3*r = -f*r + 15. Suppose r*h - 3*x - 30 = -0*h, 0 = -3*x. What are the prime factors of h?
2, 3
What are the prime factors of 1/2*(27 + 11)?
19
Let m = -1 - -6. Let s = m - -4. List the prime factors of s.
3
Let d(f) = 20*f. Suppose 5*p + 2 = 12, p + 1 = 3*s. List the prime factors of d(s).
2, 5
Suppose b = -s + 2*b + 1, 2*b = -3*s + 13. Let y = 7 - s. Suppose 5*p + 3*f = 70, p - y*f = 25 + 12. What are the prime factors of p?
17
Suppose w - 2*u - 51 = -8, -5*w + 259 = u. List the prime factors of w.
3, 17
Let s = 6 - 5. Let g(n) = 15*n**3 - n**2 - n + 1. What are the prime factors of g(s)?
2, 7
Let d(h) = -h**2 + 7*h - 7. Let x be d(6). Let s = -6 + x. Let l = 10 + s. List the prime factors of l.
3
Let n(m) = m**3 - 6*m**2 + 3*m + 6. Let v be n(6). Let c = 7 + 4. Let h = v - c. What are the prime factors of h?
13
Suppose 2*k - 3*k = -58. List the prime factors of k.
2, 29
Suppose 4*g - 82 = -7*o + 2*o, -4*g = 3*o - 86. What are the prime factors of g?
23
Suppose -3*t = 4*r - 327, 3*r - 96 + 444 = 3*t. Suppose -2*p - 3*p + 5*x = -110, 5*p - 4*x - t = 0. What are the prime factors of p?
5
Let z = 14 - 9. List the prime factors of (-6)/(-15) - (-93)/z.
19
Let t(r) = 20*r**3 + r**2 - 2*r + 15. Let z(v) = -7*v**3 + v - 5. Let b(x) = -6*t(x) - 17*z(x). Let m be b(-5). Let l = 6 - m. What are the prime factors of l?
11
Let c(w) = -w**3 + 3*w**2 + w - 2. Let q be c(2). Suppose 1 = i - 4. Suppose -2*m - 3*t + 21 = -q, i*t = -m + 16. What are the prime factors of m?
11
Suppose 0 = -4*n - 8 + 32. Let a be (4/n - 0)*6. Let u(l) = l**2 - 5*l + 6. List the prime factors of u(a).
2
Let t(l) = l**3 + 6*l**2 - l + 4. Let w be t(-6). Let i = w - 6. Suppose 5*x - i = -2*j + 2*x, 0 = 3*j - 5*x - 44. What are the prime factors of j?
2
Let k = -70 + 357. What are the prime factors of k?
7, 41
Suppose 5*k - 5*p = -15 - 0, -5*k + 2*p - 18 = 0. Let y = 7 + k. What are the prime factors of y?
3
Let u = 73 - 25. Let c = u + 3. What are the prime factors of c?
3, 17
Suppose -4*h + 56 = 5*g - 5*h, 4*g - 45 = h. Let t = g + -7. What are the prime factors of t?
2
Let y = 235 + -75. List the prime factors of y.
2, 5
Let h(r) = -44*r**3 - r**2 - 3*r - 1. List the prime factors of h(-1).
3, 5
Suppose -5*x - 201 = -4*r, -5*r + x + 255 = -4*x. What are the prime factors of r?
2, 3
Let n = 44 - 23. What are the prime factors of n?
3, 7
Suppose -250 = 18*p - 2644. List the prime factors of p.
7, 19
Let h(w) = 21*w - 7. List the prime factors of h(7).
2, 5, 7
Suppose -o + 16 = 2*z, 4*z - 20 = -5*o + 66. Let x = -10 + o. What are the prime factors of x?
2
Let q be 8/20 + 39/15. Suppose -3*x - 5 = -4*i + 67, q*i - 2*x - 53 = 0. What are the prime factors of i?
3, 5
Suppose 4*m - 45 = 87. Suppose 0 = -3*b - 9, 2*b - 1 = -3*h + 5. Suppose 0 = o - h*o + m. List the prime factors of o.
11
Suppose -3*b + 22 = 2*u + 2*u, 3*b - 10 = -u. Suppose -b*f = 5*t + f - 4, -2*t = 5*f - 13. List the prime factors of (-11)/t + (2 - 1).
2, 3
Suppose -n + 8 = 2*t - 0, 10 = 4*n - 3*t. Suppose 0 = 2*d - d - n. What are the prime factors of d?
2
Let p(y) = y**3 + 4*y**2 - 6*y - 6. Let h be p(-6). Let a = h + 28. Let g = 3 - a. List the prime factors of g.
17
Suppose -3*m - 10 = -8*m. Let c = m + 2. Let s = c + -2. List the prime factors of s.
2
Let w(d) = d**3 - d**2 + 2. Let q be (-2)/3 - (-4)/6. Let n be w(q). Suppose 4*p + 4*k = n*p - 10, -p + 15 = -2*k. What are the prime factors of p?
5
Let h = 6 + -9. Let k be 57/7 + 3/(-21). List the prime factors of k + 3*(-2)/h.
2, 5
Let o = -80 - -97. What are the prime factors of o?
17
Suppose -l + 3*k = -22 - 3, 0 = -3*l - 2*k + 97. What are the prime factors of l?
31
Let r be (-2)/7 + 246/(-21). List the prime factors of ((-2)/(-4))/((-3)/r).
2
Let k(u) = u - 3. Suppose 2*s + 2*a - 30 = -2*s, 5*a = -3*s + 40. Let v be k(s). Let g(h) = 3*h - 3. What are the prime factors of g(v)?
3
Suppose 0 = 5*y - 0*y - 455. List the prime factors of y.
7, 13
Let d be 10 + (2 - 1) + -2. Suppose 3*i = -d, -3*i = 4*x - 0 + 5. Suppose -3*q + x + 5 = 0. List the prime factors of q.
2
Suppose 7*u = 6*u + 21. What are the prime factors of u?
3, 7
List the prime factors of (3348/(-135))/(2/(-15)).
2, 3, 31
Let m = 2 + -2. Let w(c) = c**2 + c + 1. Let u be w(m). Suppose 0 = -4*x + 41 - u. List the prime factors of x.
2, 5
Let l be (0/4)/2 + 4. Let u(z) = 3*z**2 - 4*z + 1. List the prime factors of u(l).
3, 11
Suppose 4*p = -3*v + v + 68, 4*v = 0. What are the prime factors of p?
17
What are the prime factors of 59 + (-2 - (5 - 3))?
5, 11
Let w(z) be the third derivative of -z**6/15 + z**5/30 + z**4/24 + 2*z**2. List the prime factors of w(-1).
3
Let s(z) = z**3